etermine s(4).
2
Let i(y) = -6*y**3 + 2*y**2 + 3*y + 5. Let t(s) = -5*s**3 + 2*s**2 + 2*s + 4. Let b(j) = 6*i(j) - 7*t(j). Suppose 7 = -5*k - 8. Determine b(k).
-1
Let a = 11 + -7. Suppose -1 = -5*q + a*i - 0, 4*i + 22 = -2*q. Let f(p) = -2*p**2 + 2 + p**2 - 268*p + 265*p. Determine f(q).
2
Let m(q) = 9*q**2 + 2*q - 1. Let g(o) = -2*o**2 + 3*o + 3. Let s be g(2). Give m(s).
10
Let c(f) = 6*f + 15. Let z(d) = 2*d + 5. Let b(r) = 2*c(r) - 7*z(r). Determine b(4).
-13
Suppose -5*j - 4 = 1. Let u be ((-3)/(-1)*j)/(-1). Let w(d) = 3*d + 4*d + 2*d**2 - u*d. Calculate w(-3).
6
Let q = -11 + 5. Let s(x) be the second derivative of x**5/20 + 5*x**4/12 - 5*x**3/6 + 3*x**2/2 + 2*x - 32. Give s(q).
-3
Suppose 7*m + 4 = 4. Let n(z) = -z - 13. Calculate n(m).
-13
Let t = -9/44 - -5/11. Let k(g) be the first derivative of -1 + t*g**4 - g + 1/2*g**2 + 5/3*g**3. Calculate k(-5).
-6
Let q(w) = 8*w + 2. Let n(z) = 7*z + 2. Let c(t) = -7*n(t) + 6*q(t). Suppose 5*f + 15 = -10. Let a = f - -9. What is c(a)?
-6
Let r(p) = -2. Let v(g) = -g + 1. Let z(d) = -r(d) - 3*v(d). Let i = -8 - -13. Suppose 15 = -i*h, 4*h + 0 = t - 11. Determine z(t).
-4
Let v(a) = -9*a - 1. Let b(y) = 3*y + 2*y + 0*y. Let q(i) = 11*b(i) + 6*v(i). Let j be 2/8 + 6/(-24). Calculate q(j).
-6
Let a(v) = 7*v**2 - 2 - 5*v**2 + v**2 - 4*v**2. What is a(-2)?
-6
Let b(m) = 7*m**3 - 7*m**2 + 2. Let p(i) = 4*i**3 - 4*i**2 + 1. Let v(a) = 3*b(a) - 5*p(a). Suppose -c = -0*c - 2. Determine v(c).
5
Suppose 3*p - 12 = 7*p. Let z(m) = -4*m - 4 - 2*m + m. Let n(j) = -9*j - 8. Let u(t) = -6*n(t) + 11*z(t). Determine u(p).
7
Let h(s) be the second derivative of 0 + 3*s + 1/3*s**3 - 5/12*s**4 + s**2 + 1/20*s**5. What is h(4)?
-6
Let m be 3 - (1 + 1 - 2). Let z = m - 1. Let s(o) = -z - o**2 - 5*o + 3*o + 0*o. Calculate s(-2).
-2
Let v be 2/8*20/5. Let j(o) = 7*o**3 + o - 1. Give j(v).
7
Suppose -3*m + 11 = 2. Let g(h) be the first derivative of h**4/12 - h**3/3 + h**2 + 2*h - 2. Let u(i) be the first derivative of g(i). Calculate u(m).
5
Let b = 3 + 15. Suppose -5*i = 2 + b. Let z(s) = s**2 + 7*s + 6. Give z(i).
-6
Let j be (-6)/2*(-15)/(-9). Let n(t) = -2 + 2*t - 2*t + 4*t + t**2 - t. What is n(j)?
8
Suppose 0 = -r - 2*r + 12. Let z = -5 + r. Let n be (4 + 2)*z/(-2). Let j(h) = h + 3. Calculate j(n).
6
Let m be ((-12)/(-8) - 1)*-20. Let w = -17 - m. Let f(t) = -t**2 - 4*t + 6. Determine f(w).
-15
Let d(t) be the second derivative of -t**4/12 + 2*t**3/3 + t. Let k(u) = u**2 + u + 2. Let z be -3 - 5/(15/(-9)). Let g be k(z). Determine d(g).
4
Let t(x) = x + 16. Let p = -116 - -116. Determine t(p).
16
Let l be 77/294 + (-4)/(-7). Let q(g) be the second derivative of l*g**3 - 2*g - g**2 + 0 - 5/12*g**4 + 1/20*g**5. Calculate q(4).
2
Let q(w) = -7*w**2 - 19. Let s(r) = -4*r**2 - 10. Let h(f) = 3*q(f) - 5*s(f). Let k(t) = t**2 + 8. Let x(o) = -6*h(o) - 5*k(o). What is x(-2)?
6
Suppose 0 = -4*x - t + 23, t + 2*t - 34 = -5*x. Let k(o) = o**2 - 8*o + 4. What is k(x)?
-11
Let w(l) = l + 4. Let j be w(-2). Let a(c) = 3 - 6*c + 3 - 5 - c**j + 0. What is a(-6)?
1
Let n(k) = 3*k + 8*k**2 - 7*k**2 + 3 + 0*k**2. What is n(-2)?
1
Let u(o) be the first derivative of -3/2*o**2 + 3 + 6*o - 2*o**3 - 1/4*o**4. Let t be u(-5). Let z(c) = c**2 + 4*c + 5. Determine z(t).
5
Suppose -5*u - n + 27 = 0, 3*u + n + 27 = 7*u. Let v = u - 4. Let j be v/(-1 - (-2)/4). Let l(y) = -y**2 - 5*y - 6. Give l(j).
-2
Let a(z) = -10*z + z**2 - 10*z + 2 + 15*z. Give a(5).
2
Let l be 12/(-9)*9/6. Let z = 8 + l. Let n(i) = 0 + z - 2 + i**2 + 2*i + 0*i. Give n(-3).
7
Suppose 2*b = -0*b + 20. Let c = 14 - b. Let z(r) = -2*r**2 + 1 - 2*r + 2*r**2 + 0*r + r**2. Calculate z(c).
9
Let i be ((-2)/2)/(-1)*4. Let k(x) = -5*x + 5. Let d(q) = -9*q + 9. Let c(a) = i*d(a) - 7*k(a). Give c(3).
-2
Suppose w = -2*y - 3*y + 22, 5*w - 30 = -5*y. Let b(h) = -h**2 + 3*h + 4. Determine b(y).
0
Let y(r) = 3*r**2 + 18*r + 23. Let n(b) = -2*b**2 - 12*b - 15. Let g(a) = 8*n(a) + 5*y(a). Suppose 2*u + 2*u = 132. Let k be u/(-6) + 1/2. Calculate g(k).
0
Let l(y) = 5*y**3 - y. Let w be l(1). Let n be w + -1 + (-3)/3. Let j(q) = -n*q**3 - 5*q**2 - 3*q**3 + 4*q**3. Determine j(-5).
0
Let b(r) = 2*r + 5. Let a(c) = 3*c + 9. Let l(t) = 5*a(t) - 9*b(t). Let s(z) = z**3 - 3*z**2 + 2. Let y be s(3). Let x = y + -1. Give l(x).
-3
Let c(n) = n**2 - 8*n + 7. Let b be 1 + (6 - (1 + -4)). Let q be (-9)/5*b/(-3). Give c(q).
-5
Let h(t) = t**3 + 6*t**2 + 6*t + 3. Suppose m - 3*d = 24, 6*m = 4*m - 3*d + 3. Let q(x) = x - 4. Let w be q(8). Let v = w - m. Calculate h(v).
-2
Let q(u) = u - 4. Let f = 1 - 1. Calculate q(f).
-4
Let n(q) be the second derivative of -q**4/12 + 2*q**3/3 + 3*q**2/2 - 7*q. Calculate n(6).
-9
Let b(t) be the third derivative of -t**5/60 - 7*t**4/24 - t**3/6 - 3*t**2. Determine b(-5).
9
Let t(k) = -9*k + 4 - k - 2 + 4*k. Determine t(-3).
20
Let z(u) be the third derivative of -u**6/120 - u**5/12 + u**4/6 + 8*u**2. What is z(-6)?
12
Let v be ((-1)/2)/((-2)/4). Let o(j) be the first derivative of j**2/2 + 2. Let a(z) = 8*z + 2. Let g(d) = v*a(d) - 6*o(d). Give g(-2).
-2
Let s(v) = -5*v**2 + v**3 + 6*v + 7*v**2 - 5*v. What is s(-1)?
0
Let h(p) = p**3 + 4*p**2 + 3*p + 1. Let l be h(-2). Let a(q) = q**2 - 3*q + 4. Calculate a(l).
4
Let a(j) be the third derivative of j**4/24 + j**3/2 + 10*j**2. Determine a(-3).
0
Let t(u) = -2*u - 6. Let c = 49 - 53. Give t(c).
2
Suppose -32 = -4*s - 0*s - 4*m, s = -4*m + 17. Suppose 3*h = b + 1, -4*b + 15 = -s*h + b. Let l(d) = 4 - 2 - 7*d - 1 + 3*d. Calculate l(h).
-7
Suppose 2*u - u = -2*b + 3, -2*u - 2*b = -8. Let i(x) = -3*x + u + 2*x + 0*x. Suppose 0*f - 29 = -l - 5*f, -3*l - f = -17. Calculate i(l).
1
Let r be -8 - (-7 + 1 - -3). Let y(j) be the third derivative of j**4/24 + 7*j**3/6 - j**2. Calculate y(r).
2
Let m(d) = d + 1. Suppose f + 2 = 2*f. Suppose -9 = -3*y + f*x + x, -2*x - 11 = 3*y. Determine m(y).
0
Let s(u) = 35*u - 37*u - 2 - u**2 + 0. Give s(-3).
-5
Let r(z) = -z**2 - 4*z + 0*z**2 + 2*z**2 + 12*z + 7. What is r(-5)?
-8
Let w(b) = 2*b**2 - 1 - b**2 - 2*b**2 - 2*b. Determine w(-4).
-9
Let v(i) = 2*i**2 + 5*i**2 - i + 8 - 7*i**2 + i**2. Determine v(0).
8
Suppose -3*y = -0*y - 9. Let h(b) = 4*b**3 - 6*b**y + 2*b - b + b**3. Determine h(-1).
0
Let b be 64/34 + (4 - 198/51). Let d(l) = 5*l**2 - l**2 + 0 - 3*l + 2. Determine d(b).
12
Let j(m) be the third derivative of -2*m**2 - 5/24*m**4 - 2/3*m**3 + 0*m + 1/30*m**5 + 0. Determine j(4).
8
Let z(g) = -2*g - 4 + 3 + 2. Suppose -r + 1 = -1. Suppose 0 = r*p + 1 + 9. What is z(p)?
11
Let d(m) = m**2 + 4*m - 6. Suppose 0 = 2*y + y + 27. Let g = y + 4. Let f be d(g). Let t(h) = -2*h**2 - h - 1. Calculate t(f).
-2
Let l = 4 - 1. Suppose -l = x - 0. Let b = -2 - x. Let w(p) = -4*p. Give w(b).
-4
Let o(l) be the second derivative of l**4/12 - l**3/2 + 3*l**2/2 + l. Suppose 98 = 5*b - r - 2*r, -2*r = 4*b - 96. Let a be b/6 - (-6)/18. Determine o(a).
7
Let s(r) = -57*r + 110*r - 2 - 55*r. What is s(5)?
-12
Let d(l) be the first derivative of -l**3/3 + l**2 - l - 2. Let q = 11 + -9. What is d(q)?
-1
Let j(t) = 0 + 3 - 22*t + 12*t. Give j(4).
-37
Let t be 6/27 + 34/9. Suppose 3*z + t = 7*z. Let q(j) be the first derivative of 3*j**4/4 - 5. Calculate q(z).
3
Let p(h) = h**2 + 4 + 0 + 2*h - 5*h. Let i be p(3). Let o(d) = -3*d**2 + 26*d - 18. Let m(q) = q**2 - 9*q + 6. Let b(l) = 11*m(l) + 4*o(l). Determine b(i).
-2
Let x(i) be the first derivative of -i**4/4 + i**3 - 3*i - 8. Determine x(3).
-3
Let q(z) be the second derivative of -z**5/20 + z**4 + 2*z**2 - 24*z. Give q(12).
4
Let o(n) = n**2 + 5*n + 4. Let s = 5 + -3. Let i = -5 + s. Calculate o(i).
-2
Let w(d) = 2*d - 1. Let q be 19/57 - 4/3. What is w(q)?
-3
Suppose -5*g + g = 8. Let c(d) = -1 + d**2 - d + d. Determine c(g).
3
Let h(o) be the first derivative of -o**4/4 + 7*o**3/3 + o**2 - 5*o - 10. What is h(7)?
9
Let v(h) = h**3 - 5*h**2 - 6*h + 6. Suppose 2*r + 5 = 17. Calculate v(r).
6
Let x be (-2)/(-7)*(9 - 16) - -1. Let b(n) = -2*n**2 + 0*n**2 + n - 9*n**3 + 1 + n**2. Determine b(x).
8
Let z(r) = -2*r - 42. Let o be z(-17). Let p(g) = -g**3 - 9*g**2 - 10*g - 11. Give p(o).
5
Let z = -123 + 118. Let v(u) = -2*u + 5. Calculate v(z).
15
Suppose 0*d = 2*d + 5*r - 2, d = 4*r - 12. Let v(z) be the third derivative of z**6/120 + z**5/30 - z**4/